{"id":13033,"date":"2026-07-24T11:28:05","date_gmt":"2026-07-24T11:28:05","guid":{"rendered":"https:\/\/petjadesdellum.com\/politica-de-privacidad\/"},"modified":"2026-07-29T15:50:29","modified_gmt":"2026-07-29T15:50:29","slug":"politica-de-privacidad","status":"publish","type":"page","link":"https:\/\/petjadesdellum.com\/es\/politica-de-privacidad\/","title":{"rendered":"Pol\u00edtica de Privacidad"},"content":{"rendered":"\t\t<div data-elementor-type=\"wp-page\" data-elementor-id=\"13033\" class=\"elementor elementor-13033 elementor-13021\" data-elementor-post-type=\"page\">\n\t\t\t\t<div class=\"elementor-element elementor-element-591cebfc e-flex e-con-boxed e-con e-parent\" data-id=\"591cebfc\" data-element_type=\"container\" data-e-type=\"container\">\n\t\t\t\t\t<div class=\"e-con-inner\">\n\t\t\t\t<div class=\"elementor-element elementor-element-1c3b32a1 elementor-widget elementor-widget-text-editor\" data-id=\"1c3b32a1\" data-element_type=\"widget\" data-e-type=\"widget\" data-widget_type=\"text-editor.default\">\n\t\t\t\t\t\t\t\t\t\n<p>Esta Pol\u00edtica de Privacidad describe c\u00f3mo Huellas de luz recoge, utiliza y protege los datos personales de los usuarios del sitio web <strong>iagirona.cat<\/strong> .<\/p>\n\n<h2 class=\"wp-block-heading\">1. Responsable del tratamiento de los datos<\/h2>\n\n<p>El responsable del tratamiento de los datos recogidos a trav\u00e9s de este sitio web es:<br\/> <strong>Titular:<\/strong> Anna Queralt<br\/> <strong>NIF:<\/strong> 41545832N<br\/> <strong>Direcci\u00f3n:<\/strong> C\/ Joaquim Pla i Cargol, n\u00ba1, 2\u00ba (Girona)<br\/> <strong>Email:<\/strong> info@iagirona.cat<\/p>\n\n<h2 class=\"wp-block-heading\">2. Datos personales que recogemos<\/h2>\n\n<p>Recogemos datos a trav\u00e9s de distintos canales:<\/p>\n\n<ul class=\"wp-block-list\">\n<li><strong>Formularios de contacto:<\/strong> Nombre, correo electr\u00f3nico, tel\u00e9fono y el mensaje que nos env\u00edes.<\/li>\n\n<li><strong>Navegaci\u00f3n:<\/strong> Direcci\u00f3n IP, datos de navegaci\u00f3n y comportamiento en la web a trav\u00e9s de cookies (ver Pol\u00edtica de Cookies).<\/li>\n<\/ul>\n\n<h2 class=\"wp-block-heading\">3. Finalidad del tratamiento<\/h2>\n\n<p>Utilizamos tus datos para las siguientes finalidades:<\/p>\n\n<ul class=\"wp-block-list\">\n<li>Atender y gestionar tus consultas o peticiones de informaci\u00f3n.<\/li>\n\n<li>Enviar informaci\u00f3n comercial, boletines o promociones si nos has dado tu consentimiento expl\u00edcito.<\/li>\n\n<li>Mejorar la navegaci\u00f3n y experiencia de usuario en nuestra web.<\/li>\n\n<li>Cumplir con las obligaciones legales que correspondan.<\/li>\n<\/ul>\n\n<h2 class=\"wp-block-heading\">4. Legitimaci\u00f3n<\/h2>\n\n<p>La base legal para el tratamiento de tus datos es:<\/p>\n\n<ul class=\"wp-block-list\">\n<li>Tu <strong>consentimiento<\/strong> al enviarnos un formulario o aceptar las cookies.<\/li>\n\n<li>La <strong>ejecuci\u00f3n de un contrato<\/strong> o medidas precontractuales si solicitas nuestros servicios.<\/li>\n\n<li>El <strong>inter\u00e9s leg\u00edtimo<\/strong> por mejorar nuestros servicios y seguridad.<\/li>\n<\/ul>\n\n<h2 class=\"wp-block-heading\">5. Conservaci\u00f3n de los datos<\/h2>\n\n<p>Los datos personales se conservar\u00e1n mientras se mantenga la relaci\u00f3n comercial o hasta que nos solicites su supresi\u00f3n, y durante el plazo por el que pudieran derivarse responsabilidades legales por los servicios prestados.<\/p>\n\n<h2 class=\"wp-block-heading\">6. Destinatarios<\/h2>\n\n<p>IA GIRONA no ceder\u00e1 datos personales a terceros, salvo por obligaci\u00f3n legal o para la prestaci\u00f3n de servicios necesarios (como proveedores de hosting o herramientas de an\u00e1lisis como Google Analytics), que cumplen con la normativa de privacidad vigente.<\/p>\n\n<h2 class=\"wp-block-heading\">7. Derechos de los usuarios<\/h2>\n\n<p>Tienes derecho a:<\/p>\n\n<ul class=\"wp-block-list\">\n<li>Acceder a tus datos personales.<\/li>\n\n<li>Rectificar los datos inexactos.<\/li>\n\n<li>Solicitar su supresi\u00f3n cuando ya no sean necesarias.<\/li>\n\n<li>Oponerte o limitar el tratamiento de los datos.<\/li>\n\n<li>Portabilidad de los datos.<\/li>\n<\/ul>\n\n<p>Para ejercitar estos derechos, puedes enviar un correo electr\u00f3nico a <strong>info@iagirona.cat<\/strong> adjuntando una copia de tu DNI para verificar tu identidad.<\/p>\n\n<h2 class=\"wp-block-heading\">8. Seguridad<\/h2>\n\n<p>Implementamos las medidas t\u00e9cnicas y organizativas necesarias para garantizar la seguridad de tus datos y evitar su alteraci\u00f3n, p\u00e9rdida o acceso no autorizado.<\/p>\n\n<p><em>\u00daltima actualizaci\u00f3n: Mayo de 2026.<\/em><\/p>\n\t\t\t\t\t\t\t\t<\/div>\n\t\t\t\t<div class=\"elementor-element elementor-element-9b5511f elementor-widget elementor-widget-heading\" data-id=\"9b5511f\" data-element_type=\"widget\" data-e-type=\"widget\" data-widget_type=\"heading.default\">\n\t\t\t\t\t<h1 class=\"elementor-heading-title elementor-size-default\">Pol\u00edtica de Privacidad<\/h1>\t\t\t\t<\/div>\n\t\t\t\t\t<\/div>\n\t\t\t\t<\/div>\n\t\t\t\t<\/div>\n\t\t","protected":false},"excerpt":{"rendered":"<p>Esta Pol\u00edtica de Privacidad describe c\u00f3mo Huellas de luz recoge, utiliza y protege los datos personales de los usuarios del sitio web iagirona.cat . 1. Responsable del tratamiento de los datos El responsable del tratamiento de los datos recogidos a trav\u00e9s de este sitio web es: Titular: Anna Queralt NIF: 41545832N Direcci\u00f3n: C\/ Joaquim Pla [&hellip;]<\/p>\n","protected":false},"author":2,"featured_media":0,"parent":0,"menu_order":0,"comment_status":"closed","ping_status":"closed","template":"","meta":{"footnotes":""},"class_list":["post-13033","page","type-page","status-publish","hentry"],"_links":{"self":[{"href":"https:\/\/petjadesdellum.com\/es\/wp-json\/wp\/v2\/pages\/13033","targetHints":{"allow":["GET"]}}],"collection":[{"href":"https:\/\/petjadesdellum.com\/es\/wp-json\/wp\/v2\/pages"}],"about":[{"href":"https:\/\/petjadesdellum.com\/es\/wp-json\/wp\/v2\/types\/page"}],"author":[{"embeddable":true,"href":"https:\/\/petjadesdellum.com\/es\/wp-json\/wp\/v2\/users\/2"}],"replies":[{"embeddable":true,"href":"https:\/\/petjadesdellum.com\/es\/wp-json\/wp\/v2\/comments?post=13033"}],"version-history":[{"count":2,"href":"https:\/\/petjadesdellum.com\/es\/wp-json\/wp\/v2\/pages\/13033\/revisions"}],"predecessor-version":[{"id":13113,"href":"https:\/\/petjadesdellum.com\/es\/wp-json\/wp\/v2\/pages\/13033\/revisions\/13113"}],"wp:attachment":[{"href":"https:\/\/petjadesdellum.com\/es\/wp-json\/wp\/v2\/media?parent=13033"}],"curies":[{"name":"wp","href":"https:\/\/api.w.org\/{rel}","templated":true}]}}

Política de Privacidad

<div data-elementor-type="wp-page" data-elementor-id="13033" class="elementor elementor-13033 elementor-13021" data-elementor-post-type="page">
				<div class="elementor-element elementor-element-591cebfc e-flex e-con-boxed e-con e-parent" data-id="591cebfc" data-element_type="container" data-e-type="container">
					<div class="e-con-inner">
				<div class="elementor-element elementor-element-1c3b32a1 elementor-widget elementor-widget-text-editor" data-id="1c3b32a1" data-element_type="widget" data-e-type="widget" data-widget_type="text-editor.default">
									
<p>Esta Política de Privacidad describe cómo Huellas de luz recoge, utiliza y protege los datos personales de los usuarios del sitio web <strong>iagirona.cat</strong> .</p>

<h2 class="wp-block-heading">1. Responsable del tratamiento de los datos</h2>

<p>El responsable del tratamiento de los datos recogidos a través de este sitio web es:<br/> <strong>Titular:</strong> Anna Queralt<br/> <strong>NIF:</strong> 41545832N<br/> <strong>Dirección:</strong> C/ Joaquim Pla i Cargol, nº1, 2º (Girona)<br/> <strong>Email:</strong> info@iagirona.cat</p>

<h2 class="wp-block-heading">2. Datos personales que recogemos</h2>

<p>Recogemos datos a través de distintos canales:</p>

<ul class="wp-block-list">
<li><strong>Formularios de contacto:</strong> Nombre, correo electrónico, teléfono y el mensaje que nos envíes.</li>

<li><strong>Navegación:</strong> Dirección IP, datos de navegación y comportamiento en la web a través de cookies (ver Política de Cookies).</li>
</ul>

<h2 class="wp-block-heading">3. Finalidad del tratamiento</h2>

<p>Utilizamos tus datos para las siguientes finalidades:</p>

<ul class="wp-block-list">
<li>Atender y gestionar tus consultas o peticiones de información.</li>

<li>Enviar información comercial, boletines o promociones si nos has dado tu consentimiento explícito.</li>

<li>Mejorar la navegación y experiencia de usuario en nuestra web.</li>

<li>Cumplir con las obligaciones legales que correspondan.</li>
</ul>

<h2 class="wp-block-heading">4. Legitimación</h2>

<p>La base legal para el tratamiento de tus datos es:</p>

<ul class="wp-block-list">
<li>Tu <strong>consentimiento</strong> al enviarnos un formulario o aceptar las cookies.</li>

<li>La <strong>ejecución de un contrato</strong> o medidas precontractuales si solicitas nuestros servicios.</li>

<li>El <strong>interés legítimo</strong> por mejorar nuestros servicios y seguridad.</li>
</ul>

<h2 class="wp-block-heading">5. Conservación de los datos</h2>

<p>Los datos personales se conservarán mientras se mantenga la relación comercial o hasta que nos solicites su supresión, y durante el plazo por el que pudieran derivarse responsabilidades legales por los servicios prestados.</p>

<h2 class="wp-block-heading">6. Destinatarios</h2>

<p>IA GIRONA no cederá datos personales a terceros, salvo por obligación legal o para la prestación de servicios necesarios (como proveedores de hosting o herramientas de análisis como Google Analytics), que cumplen con la normativa de privacidad vigente.</p>

<h2 class="wp-block-heading">7. Derechos de los usuarios</h2>

<p>Tienes derecho a:</p>

<ul class="wp-block-list">
<li>Acceder a tus datos personales.</li>

<li>Rectificar los datos inexactos.</li>

<li>Solicitar su supresión cuando ya no sean necesarias.</li>

<li>Oponerte o limitar el tratamiento de los datos.</li>

<li>Portabilidad de los datos.</li>
</ul>

<p>Para ejercitar estos derechos, puedes enviar un correo electrónico a <strong>info@iagirona.cat</strong> adjuntando una copia de tu DNI para verificar tu identidad.</p>

<h2 class="wp-block-heading">8. Seguridad</h2>

<p>Implementamos las medidas técnicas y organizativas necesarias para garantizar la seguridad de tus datos y evitar su alteración, pérdida o acceso no autorizado.</p>

<p><em>Última actualización: Mayo de 2026.</em></p>
								</div>
				<div class="elementor-element elementor-element-9b5511f elementor-widget elementor-widget-heading" data-id="9b5511f" data-element_type="widget" data-e-type="widget" data-widget_type="heading.default">
					<h1 class="elementor-heading-title elementor-size-default">Política de Privacidad</h1>				</div>
					</div>
				</div>
				</div>

<p>Esta Política de Privacidad describe cómo Huellas de luz recoge, utiliza y protege los datos personales de los usuarios del sitio web iagirona.cat . 1. Responsable del tratamiento de los datos El responsable del tratamiento de los datos recogidos a través de este sitio web es: Titular: Anna Queralt NIF: 41545832N Dirección: C/ Joaquim Pla [&hellip;]</p>
